 of 57116?
6
What is the thousands digit of 780287?
0
What is the hundreds digit of 593607?
6
What is the units digit of 107023?
3
What is the hundred thousands digit of 172833?
1
What is the millions digit of 5578394?
5
What is the ten thousands digit of 470374?
7
What is the thousands digit of 6463958?
3
What is the ten thousands digit of 6745507?
4
What is the thousands digit of 82980?
2
What is the hundreds digit of 269956?
9
What is the thousands digit of 7267522?
7
What is the tens digit of 218031?
3
What is the thousands digit of 309059?
9
What is the hundred thousands digit of 5671173?
6
What is the millions digit of 4081909?
4
What is the tens digit of 17832927?
2
What is the units digit of 14836144?
4
What is the units digit of 112073?
3
What is the hundred thousands digit of 223000?
2
What is the units digit of 93067?
7
What is the millions digit of 15426544?
5
What is the hundreds digit of 3759175?
1
What is the thousands digit of 1568434?
8
What is the thousands digit of 184296?
4
What is the tens digit of 36975562?
6
What is the hundred thousands digit of 10866910?
8
What is the units digit of 336777?
7
What is the ten thousands digit of 113046?
1
What is the thousands digit of 20453?
0
What is the tens digit of 14393787?
8
What is the units digit of 4610744?
4
What is the units digit of 16027930?
0
What is the hundreds digit of 89679?
6
What is the units digit of 156331?
1
What is the hundred thousands digit of 414206?
4
What is the ten thousands digit of 2274737?
7
What is the hundreds digit of 7841838?
8
What is the tens digit of 14244813?
1
What is the hundreds digit of 257597?
5
What is the ten thousands digit of 1487725?
8
What is the millions digit of 5905194?
5
What is the ten thousands digit of 31850?
3
What is the thousands digit of 2174491?
4
What is the ten thousands digit of 418582?
1
What is the ten millions digit of 10338847?
1
What is the units digit of 1292561?
1
What is the hundreds digit of 5787494?
4
What is the units digit of 223203?
3
What is the units digit of 1865641?
1
What is the units digit of 2267127?
7
What is the ten millions digit of 24125908?
2
What is the hundreds digit of 253723?
7
What is the thousands digit of 2608284?
8
What is the units digit of 264526?
6
What is the tens digit of 269744?
4
What is the thousands digit of 2361611?
1
What is the units digit of 9216655?
5
What is the thousands digit of 631888?
1
What is the thousands digit of 1868665?
8
What is the thousands digit of 206910?
6
What is the ten thousands digit of 2001909?
0
What is the tens digit of 6972487?
8
What is the hundred thousands digit of 2398344?
3
What is the tens digit of 11894641?
4
What is the millions digit of 4344253?
4
What is the ten thousands digit of 897981?
9
What is the units digit of 8204707?
7
What is the units digit of 350830?
0
What is the tens digit of 332144?
4
What is the hundred thousands digit of 410781?
4
What is the hundred thousands digit of 182851?
1
What is the tens digit of 864053?
5
What is the ten millions digit of 12379114?
1
What is the ten thousands digit of 12152936?
5
What is the thousands digit of 302521?
2
What is the tens digit of 627791?
9
What is the ten thousands digit of 217778?
1
What is the thousands digit of 60464?
0
What is the hundred thousands digit of 12503408?
5
What is the thousands digit of 129098?
9
What is the hundred thousands digit of 976089?
9
What is the thousands digit of 96661?
6
What is the units digit of 6083690?
0
What is the millions digit of 15713136?
5
What is the hundred thousands digit of 202705?
2
What is the tens digit of 1577485?
8
What is the ten thousands digit of 178440?
7
What is the thousands digit of 3371581?
1
What is the units digit of 19278710?
0
What is the ten thousands digit of 4746149?
4
What is the hundred thousands digit of 2903979?
9
What is the thousands digit of 9012987?
2
What is the millions digit of 8293982?
8
What is the ten thousands digit of 385355?
8
What is the hundreds digit of 1133218?
2
What is the tens digit of 596314?
1
What is the hundreds digit of 352562?
5
What is the hundreds digit of 100010?
0
What is the ten thousands digit of 206808?
0
What is the hundred thousands digit of 5094698?
0
What is the thousands digit of 1904474?
4
What is the units digit of 3247300?
0
What is the hundreds digit of 384381?
3
What is the hundreds digit of 111376?
3
What is the hundred thousands digit of 239608?
2
What is the thousands digit of 2018510?
8
What is the millions digit of 3433403?
3
What is the thousands digit of 569463?
9
What is the ten thousands digit of 3760575?
6
What is the hundreds digit of 340362?
3
What is the units digit of 396670?
0
What is the hundreds digit of 171809?
8
What is the ten thousands digit of 12760476?
6
What is the tens digit of 1778238?
3
What is the units digit of 6320008?
8
What is the thousands digit of 250936?
0
What is the thousands digit of 9563241?
3
What is the thousands digit of 79359?
9
What is the ten thousands digit of 123817?
2
What is the tens digit of 338481?
8
What is the ten thousands digit of 167602?
6
What is the ten thousands digit of 2391228?
9
What is the thousands digit of 1037333?
7
What is the hundred thousands digit of 214415?
2
What is the ten thousands digit of 8934206?
3
What is the hundred thousands digit of 422951?
4
What is the tens digit of 244975?
7
What is the thousands digit of 3940927?
0
What is the ten thousands digit of 3478453?
7
What is the tens digit of 99631?
3
What is the thousands digit of 229646?
9
What is the hundred thousands digit of 8553616?
5
What is the hundreds digit of 380253?
2
What is the hundreds digit of 17003579?
5
What is the hundred thousands digit of 9828113?
8
What is the hundreds digit of 128134?
1
What is the hundred thousands digit of 3441337?
4
What is the units digit of 285463?
3
What is the millions digit of 14498247?
4
What is the thousands digit of 519853?
9
What is the hundreds digit of 38932?
9
What is the hundreds digit of 267388?
3
What is the tens digit of 3396524?
2
What is the hundreds digit of 297683?
6
What is the hundred thousands digit of 1798402?
7
What is the hundred thousands digit of 220639?
2
What is the hundreds digit of 1391360?
3
What is the hundreds digit of 2494125?
1
What is the thousands digit of 6304104?
4
What is the millions digit of 4030732?
4
What is the hundred thousands digit of 1236021?
2
What is the hundreds digit of 420567?
5
What is the ten millions digit of 11849571?
1
What is the hundreds digit of 1904626?
6
What is the ten thousands digit of 1076134?
7
What is the hundred thousands digit of 1914653?
9
What is the units digit of 4942202?
2
What is the millions digit of 4059146?
4
What is the hundreds digit of 365771?
7
What is the units digit of 1948999?
9
What is the hundreds digit of 1002186?
1
What is the tens digit of 30120346?
4
What is the hundreds digit of 7152533?
5
What is the units digit of 6903?
3
What is the thousands digit of 2011258?
1
What is the ten millions digit of 32427478?
3
What is the ten thousands digit of 2677971?
7
What is the millions digit of 8498983?
8
What is the millions digit of 2969132?
2
What is the ten thousands digit of 1181041?
8
What is the hundreds digit of 1257194?
1
What is the tens digit of 21343903?
0
What is the hundreds digit of 519020?
0
What is the tens digit of 162477?
7
What is the hundred thousands digit of 10581333?
5
What is the ten thousands digit of 156926?
5
What is the units digit of 20480301?
1
What is the ten thousands digit of 49449?
4
What is the millions digit of 2081155?
2
What is the thousands digit of 129522?
9
What is the ten thousands digit of 26163933?
6
What is the ten thousands digit of 1057074?
5
What is the thousands digit of 384103?
4
What is the ten thousands digit of 761090?
6
What is the hundreds digit of 25597326?
3
What is the tens digit of 3981073?
7
What is the thousands digit of 486948?
6
What is the tens digit of 346961?
6
What is the tens digit of 11674902?
0
What is the hundred thousands digit of 2083383?
0
What is the tens digit of 92141?
4
What is the hundred thousands digit of 487588?
4
What is the ten thousands digit of 47718?
4
What is the ten thousands digit of 3162138?
6
What is the hundreds digit of 3